) to base 16
-1287e9
12002121122111 (base 3) to base 13
73abb1
-211011101011 (base 3) to base 11
-278810
Convert 124341410 (base 5) to base 3.
1011120111210
What is -a4615 (base 11) in base 9?
-252137
Convert 99d14 (base 14) to base 13.
100a1a
100111110011001111010111 (base 2) to base 10
10433495
Convert 220033331 (base 4) to base 12.
7b4a5
What is -b4323 (base 14) in base 15?
-8899b
Convert 243333430 (base 6) to base 4.
101232200322
Convert 4104234 (base 5) to base 16.
10292
Convert -12111201110 (base 3) to base 7.
-631041
Convert -1818044 (base 11) to base 3.
-12210202020121
Convert -6325345 (base 10) to base 6.
-343324001
1a08aac (base 13) to base 7
132515532
Convert 2656700 (base 8) to base 14.
15566c
What is 1310140 (base 6) in base 4?
101122230
-101403020 (base 5) to base 3
-210021221112
Convert eebee (base 16) to base 12.
3b1aba
Convert 22457 (base 11) to base 2.
111111011101010
What is -32354410 (base 7) in base 5?
-1202114203
What is -312000120 (base 4) in base 14?
-5a888
Convert 514213351 (base 6) to base 12.
2b84257
What is -306603 (base 7) in base 8?
-147050
Convert -11634421 (base 7) to base 16.
-1008c4
Convert -6572257 (base 9) to base 8.
-15361342
-27a86 (base 16) to base 15
-331e3
What is -10010101110111111010010 (base 2) in base 3?
-100020111201001
-151b7 (base 15) to base 11
-47015
What is -6275902 (base 10) in base 6?
-342303034
-b968 (base 15) to base 5
-2223443
496866 (base 10) to base 13
145206
What is -17279b (base 15) in base 2?
-100010001111110101101
-110111100111000011 (base 2) to base 15
-47754
-735117 (base 12) to base 2
-110111010100101100011
What is -100101011101001111110 (base 2) in base 6?
-42150210
Convert -1392a67 (base 14) to base 9.
-18773414
What is 15777634 (base 10) in base 6?
1322100334
-21110212201221 (base 3) to base 13
-a91848
Convert 312002033330 (base 4) to base 6.
1223334352
What is 2501165 (base 9) in base 8?
5136224
Convert -54767 (base 8) to base 11.
-16338
What is -41111024 (base 7) in base 14?
-654714
Convert 139828 (base 12) to base 4.
1100001200
Convert -2a924 (base 14) to base 16.
-19e54
Convert -135442023 (base 7) to base 6.
-514441150
Convert -977087 (base 10) to base 2.
-11101110100010111111
Convert -11111001100011001001001 (base 2) to base 3.
-120101110001012
-3657675 (base 8) to base 9
-1805078
What is 2101021221102 (base 3) in base 11?
794876
Convert -22514244 (base 8) to base 16.
-4a98a4
-626182 (base 9) to base 12
-15b2b5
Convert 1809633 (base 10) to base 15.
25b2c3
Convert -101200200200 (base 3) to base 14.
-569a8
What is 10010100122 (base 3) in base 14?
185a8
Convert 110010011000000000 (base 2) to base 6.
4231132
What is -58a735 (base 13) in base 15?
-2b9985
Convert -646060 (base 7) to base 9.
-181341
Convert -35135021 (base 7) to base 3.
-12210201021222
Convert -b1d643 (base 14) to base 9.
-12241566
Convert -2144112 (base 5) to base 16.
-921f
What is -24003645 (base 7) in base 12?
-862366
84547 (base 10) to base 15
1a0b7
What is 34512576 (base 8) in base 10?
7509374
da776 (base 15) to base 16
a9539
What is -1d8f26 (base 16) in base 2?
-111011000111100100110
What is -205393 (base 10) in base 2?
-110010001001010001
Convert -10010111000001011011010 (base 2) to base 12.
-17a79b6
67730 (base 11) to base 4
113323323
Convert 48d28 (base 15) to base 16.
38c0f
What is 20451010 (base 6) in base 13?
17c073
What is 123031123 (base 4) in base 10?
111451
3377b (base 13) to base 3
11202100011
Convert -1026202 (base 8) to base 6.
-5510214
What is -123455 (base 6) in base 8?
-25673
Convert -b9333 (base 16) to base 9.
-1375515
3dea06 (base 15) to base 4
23120330130
-1310220320 (base 4) to base 5
-110242002
Convert a04a (base 11) to base 13.
6110
-7963374 (base 10) to base 8
-36301356
Convert -101101330 (base 4) to base 7.
-413233
10232100312 (base 5) to base 6
1023452415
Convert 150406 (base 9) to base 10.
92184
What is 103153104 (base 6) in base 3?
10110012111111
What is -1333b06 (base 14) in base 8?
-43266652
-20244213 (base 5) to base 2
-101000011010110110
Convert 1327686 (base 11) to base 14.
43a0a9
Convert -134699 (base 13) to base 7.
-3653144
840855 (base 11) to base 9
2474087
What is 73866 (base 9) in base 16?
beb6
Convert 1110221202 (base 4) to base 10.
346722
Convert -1201023221 (base 5) to base 15.
-3954ab
What is 14367640 (base 8) in base 4?
30132332200
What is 46b735 (base 12) in base 10?
1139801
What is -4abfd (base 16) in base 4?
-1022233331
What is 18a381 (base 15) in base 4?
10210231021
414522 (base 9) to base 10
246098
Convert 1123043141 (base 5) to base 14.
4a5324
What is -10001110111000111100 (base 2) in base 4?
-2032320330
What is -fab4d (base 16) in base 7?
-11504600
12c8 (base 14) to base 2
110011110000
What is -21664641 (base 7) in base 9?
-3477153
Convert -23101130300 (base 4) to base 13.
-7c6070
-2200705 (base 11) to base 3
-21021102021000
Convert -13d44 (base 15) to base 12.
-30a77
Convert 112967 (base 10) to base 14.
2d251
Convert 1025050 (base 11) to base 9.
3354442
What is -133b1 (base 15) in base 10?
-61591
Convert -1843114 (base 9) to base 15.
-155d3d
Convert 2033323112 (base 4) to base 2.
10001111111011010110
45033336 (base 7) to base 3
21022200012120
Convert 10708a (base 11) to base 15.
35796
Convert -100010111111100011 (base 2) to base 11.
-98761
-15c06 (base 14) to base 10
-54494
What is 241c70 (base 15) in base 6?
101005210
Convert -1351500003 (base 6) to base 16.
-fd52a3
What is -1111011111101011001 (base 2) in base 14?
-d306d
Convert -684ea (base 16) to base 14.
-b19b4
What is -120211112200 (base 3) in base 12?
-130453
Convert 1000011001111010001 (base 2) to base 16.
433d1
What is 3163124 (base 7) in base 3?
201120110202
Convert 523416 (base 11) to base 14.
17baab
What is -20222312 (base 4) in base 13?
-13217
-48523 (base 10) to base 7
-261316
What is -105044051 (base 6) in base 9?
-3544304
What is 4679a5 (base 11) in base 14?
15488b
What is 784208 (base 9) in base 14?
c2c61
Convert -622544 (base 7) to base 4.
-122001233
10b1209 (base 12) to base 6
152533213
Convert -1100010111000100110 (base 2) to base 11.
-25733a
-6ba59 (base 13) to base 2
-110000001010110001
-903743 (base 11) to base 13
-3bbc7a
What is 803671 (base 10) in base 12?
329107
Convert 99075 (base 12) to base 2.
110001011000011001
-3455414 (base 6) to base 13
-634ba
What is 27a106 (base 11) in base 15?
89bbb
What is -119483 (base 10) in base 13?
-42500
Convert 730695 (base 10) to base 3.
1101010022210
13846351 (base 10) to base 7
225456241
Convert -26420041 (base 7) to base 8.
-11200317
What is 29719a9 (base 12) in base 3?
120201201102210
-101133 (base 9) to base 4
-32213301
-70a13a (base 11) to base 3
-2010221221000
10324131 (base 5) to base 8
256313
What is -61973 (base 11) in base 4?
-112003222
-11067315 (base 8) to base 3
-11111022020220
-247152 (base 11) to base 7
-3213332
What is -8915661 (base 11) in base 15?
-159040b
119262 (base 15) to base 14
17c657
Convert 5601277 (base 8) to base 14.
2b3807
Convert 7311d (base 15) to base 3.
200112100101
Convert 111221202121202 (base 3) to base 9.
14852552
Convert -52b90 (base 14) to base 8.
-606252
What is 365268 (base 10) in base 7?
3050631
11412234 (base 6) to base 13
c7843
Convert -1699d9 (base 16) to base 9.
-2706712
132862 (base 9) to base 14
216a2
Convert -1546044 (base 9) to base 3.
-1121120001111
What is -1011101110110011001100 (base 2) in base 8?
-13566314
What is 7182300 (base 9) in base 4?
32213313231
What is 1100011011110110 (base 2) in base 11?
352a4
3215650 (base 9) to base 10
1723158
Convert dab66 (base 14) to base 12.
216232
1170067 (base 9) to base 13
19391b
-111110010111100001100 (base 2) to base 3
-10211211101010
What is 2503a1 (base 11) in base 8?
1405005
What is 101122012200020 (base 3) in base 9?
11565606
Convert -10111010000010010 (base 2) to base 13.
-3447c
Convert -2262040 (base 7) to base 12.
-118454
-531856 (base 10) to base 15
-a78c1
What is 132330113002 (base 4) in base 12?
287222a
Convert 41644 (base 12) to base 4.
110321110
Convert -11100101100101000 (base 2) to base 6.
-2304104
Convert 253220306 (base 7) to base 13.
3427445
-13242 (base 10) to base 6
-141150
-e3f59 (base 16) to base 9
-1672737
-23403402 (base 5) to base 10
-216102
4420310223 (base 5) to base 16
9196c1
767070 (base 9) to base 5
104123000
What is 560